 + 2/(-8). Let x(k) = 254*k + 140. Let z(p) = m*q(p) - 5*x(p). List the prime factors of z(-3).
2, 3, 11
Suppose -3784 = -2*c - 41*c. Suppose 67*q = c*q - 28266. What are the prime factors of q?
2, 673
Let m(v) = -v**3 - v**2 - 2*v - 38. Let a be m(0). Let w = -33 - a. Suppose w*r = -3*d + 205 + 130, -4*r = -2*d + 194. List the prime factors of d.
3, 5, 7
Let d(x) = -4*x**3 + 2*x**3 - 11*x**2 - 4 + 63*x - 69*x. Let m be d(-5). Let z(j) = 161*j**2 + 4*j - 4. What are the prime factors of z(m)?
7, 23
List the prime factors of ((270/450)/((-3)/63015))/(3/(-2)).
2, 4201
Let c be 1 + (8 - 8 - (3 - 130)). Suppose 130*v - 918 = c*v. List the prime factors of v.
3, 17
Let w = -40 - -112. Let l(o) = -2*o**3 + 11*o**2 - 14*o + 26. Let s be l(4). Let d = w + s. What are the prime factors of d?
2, 3, 5
Suppose -u + 1281 = -4*f, -2*f - 3746 = -5*u + 2587. Suppose 4*m = t + u, 3*t + 2*t = -4*m + 1259. What are the prime factors of m?
2, 79
Let h = 334 - 237. Suppose -z - h = -221. What are the prime factors of z?
2, 31
Suppose 16*y - 52 = 14*y + 2*f, f = -5*y + 106. Suppose -5775 = -5*q - 4*b, 17*q + b + 5775 = y*q. What are the prime factors of q?
3, 5, 7, 11
Suppose 167*n = -329390 + 2926771 + 1028356. What are the prime factors of n?
3, 7237
Let s(u) = 1614*u**2 - 430*u - 1303. What are the prime factors of s(-3)?
23, 631
Let a(x) = -x**2 + 7*x + 12. Let r be a(8). Suppose 5*q = -p + 150, 4*p - 2*p + r*q - 282 = 0. What are the prime factors of p?
3, 5
Let x be (570/(-45))/((-4)/6). Suppose 0 = -g + 4*k + 241, -5*k - x = -2*g + 460. List the prime factors of g.
3, 79
Let y(l) = l**2 + 34*l + 59. Let p be y(-32). Let f(q) = -2*q**3 + q**2 - 11*q - 9. List the prime factors of f(p).
3, 107
Suppose 37*u - 200 = 33*u. Let n(m) = m**2 - 11*m + 5. Let i be n(6). Let f = u + i. List the prime factors of f.
5
Let i = -187 + 188. Let f(w) = 410*w + 1. List the prime factors of f(i).
3, 137
Let t be 378/10 - 8/(-40). Suppose -3*o = -2*d - t, 5*d - 5*o + 31 = -69. Let s = d - -50. What are the prime factors of s?
2, 7
Suppose -85*q = -629593 - 255342. What are the prime factors of q?
29, 359
Let q be ((-230)/20 - -10)/((-3)/728). Suppose 3*a + q = u, 3*a + 1423 = 4*u + 2*a. What are the prime factors of u?
5, 71
Let y(r) = -r**3 + 41*r**2 + 36*r + 254. Let b be y(42). Suppose -5*w = 10, -f - 2*f + 2912 = b*w. List the prime factors of f.
2, 3
What are the prime factors of 6/1 + -2 - -487*(22 + -3)?
9257
Suppose 863*z - 2604172 + 642061 = 806*z. List the prime factors of z.
29, 1187
Let h be 1/((1 + -3)/(-478)). Let m = h + -160. Suppose 5*v + 4*n = 109, -4*v + 4*n + m = -n. List the prime factors of v.
3, 7
What are the prime factors of ((-5628958)/(-111) - (-2)/3) + 1 + -7?
2, 3, 313
Let y(h) = 12*h - 16. Suppose -f - 2*f + 18 = 0. List the prime factors of y(f).
2, 7
Let t be ((-126)/4)/((-54)/(-360)). What are the prime factors of 7/1*(-14370)/t?
479
Suppose -2*x = 0, t - 5*x - 8 = -0*t. Suppose -2*f + t = -10*f. Let w(l) = 79*l**2 + l + 1. What are the prime factors of w(f)?
79
Suppose k - 36 = 4*h - 3*k, -5*h + k - 45 = 0. Let x(l) = 2*l + 26. Let i be x(h). Let u(c) = c**3 - 6*c**2 - 9*c + 3. List the prime factors of u(i).
59
Suppose 61*m - 436107 - 783649 = 0. What are the prime factors of m?
2, 4999
Suppose 8*c + 2 + 22 = 0. List the prime factors of (74 - 0)*(74/4 + c).
31, 37
Suppose -6*c + 56249 - 4793 = 0. List the prime factors of c.
2, 67
Let t be 0*6/(-12) + -9. Let k(f) = 6*f**2 + 17*f + 38. What are the prime factors of k(t)?
7, 53
Let k(u) = 3*u**2 + 22*u + 5. Suppose 0 = -5*q + 79 - 154. What are the prime factors of k(q)?
2, 5, 7
What are the prime factors of -2 - (-14 + -8894 + 0)?
2, 61, 73
Suppose 0 = v + 3*o - 203, 178 = 3*v - 5*o - 473. Let c = v - -317. What are the prime factors of c?
23
What are the prime factors of -24*7999/285*-85?
2, 17, 421
Suppose 32*w - 4529 + 113 = 0. Let n = -9 - 13. Let m = n + w. What are the prime factors of m?
2, 29
Suppose 0 = -0*v - 6*v - 444. Let u = 23 - v. List the prime factors of u.
97
Suppose 0 = -0*o - 2*o + 16. Suppose -o = p - 16. Suppose p*k + 79 - 303 = 0. What are the prime factors of k?
2, 7
Suppose 3*i = 7*i - 8. Suppose i*u + 61 = 307. Suppose 5*a - 166 = -4*p - 21, 3*p - u = a. What are the prime factors of p?
2, 5
Let t(x) = 3*x**2 - 14*x - 17. Let l(v) = v**2 - 5*v - 6. Let z(o) = -17*l(o) + 6*t(o). Let m be z(1). What are the prime factors of m - ((-9)/(-18) - 850/4)?
2, 107
Let i(y) = 3*y**2 - 30*y + 62. Let b be i(7). Let t(h) = -1496*h + 8. List the prime factors of t(b).
2, 47
What are the prime factors of ((-108)/(-180))/((-123)/(-30) + -4) + 43081?
11, 3917
List the prime factors of (287580/36)/((-190)/(-1026)).
3, 4793
Let x be -1*889 + (0 - (-2 - 1)). Let h = 608 + x. List the prime factors of (15/(-10))/(h/136 - -2).
2, 17
Let y = -34 - -55. Let t be (-2)/31 + (-18360)/837. Let c = y - t. List the prime factors of c.
43
Suppose 8*d - 7*d - 3*j = 4729, -3*d - 5*j + 14229 = 0. What are the prime factors of d?
2, 23, 103
Let f(h) be the first derivative of 17 + 2/3*h**3 + 3/2*h**2 - 15*h. List the prime factors of f(-6).
3, 13
Let u(g) = -3*g - 57. Let b be u(-23). Suppose k - 6 = -2*n, 0*n - b = -2*k + 3*n. Suppose k*r + 200 = 8*r. List the prime factors of r.
2, 5
Let l(b) = -918*b - 1117. What are the prime factors of l(-8)?
13, 479
Let h(f) = -23*f + 951. List the prime factors of h(-39).
2, 3, 7, 11
Suppose -9*w + 12*w + 7924 = 17*w. List the prime factors of w.
2, 283
Let y(n) = -12*n - 19. Let h(s) = -s - 1. Let t(z) = -3*h(z) + y(z). Let c be t(-10). Suppose -v - v = -c. What are the prime factors of v?
37
Let s(m) = m**3 - 4*m**2 + 2*m + 3. Let d be s(3). Let g be (d*1/5)/2. Suppose 2*i + 5*p - 63 = g, -p = -5*i + 2*p + 235. What are the prime factors of i?
2, 11
Suppose 6*v = -571 + 601. Suppose -437 = -3*b - 5*n, v*b - n - n = 718. What are the prime factors of b?
2, 3
Let l be (-890)/5*(-28)/(-4). Let z = 2487 + l. List the prime factors of z.
17, 73
Let i be -2 + 12/3 + (187 - -1). Let u = 299 - i. List the prime factors of u.
109
Let f = -350 + 245. Let n = 96 - f. What are the prime factors of n?
3, 67
Let m(o) = 4*o**2 - 3*o - 3. Let w be m(3). Suppose 29*t = 25*t + 60. What are the prime factors of t/(4/(w/9))?
2, 5
Suppose 14 = -3*f - 460. Let r(v) = 112*v - 245. Let b be r(5). Let l = b + f. What are the prime factors of l?
157
Suppose 1336 + 930 = -22*d. Let w(l) = l**3 + 22*l**2 + 3*l - 27. Let v be w(-21). Let x = d + v. List the prime factors of x.
2, 31
Let r be (235/(-10) - 4)*112/(-4). Let q = r - 27. What are the prime factors of q?
743
Suppose 6 = -2*d - 5*i, -5*i - 12 = d - 4. Suppose 2*j + q = -3*j + 990, -3*j + 594 = -d*q. What are the prime factors of j?
2, 3, 11
Let s be (-1132)/(3*10/(-15)). Suppose 12*t = s + 538. List the prime factors of t.
2, 23
Let c(u) = -2*u**2 - 12*u - 2. Let y be c(-6). Let g be 3/y*1*976/(-12). Let x = g + -43. What are the prime factors of x?
79
Let c = 2138 + 6256. List the prime factors of c.
2, 3, 1399
Let w = 269 - 189. Suppose w = 2*v - 3*u, v - u = -2*v + 113. What are the prime factors of v?
37
Suppose -27*d - 47746 - 63974 = -217*d. What are the prime factors of d?
2, 3, 7
Let j be 13 + ((-6)/(-4))/((-6)/(-8)). Suppose a - j + 9 = 0. What are the prime factors of 4/a*-4*-27?
2, 3
Suppose 2*f - 35716 = -4*s, -5*s = -2*f - 8356 - 36280. What are the prime factors of s?
2, 3, 31
Let j(h) = -126*h - 40. Let l(g) = -125*g - 37. Let w(r) = 3*j(r) - 4*l(r). List the prime factors of w(10).
2, 3, 13
Let z(q) = 84*q**2 + 12*q + 150. What are the prime factors of z(-8)?
2, 3, 5, 181
Let f = 6 + 235. Let a = 1770 - 1765. Suppose -5*k + 416 = -n, -a*n = 3*k - 3 - f. List the prime factors of k.
83
Let c(i) = -7*i + 1. Let v be c(3). Let o(m) = m**2 + 34*m + 182. Let t be o(-29). Let h = t - v. List the prime factors of h.
3, 19
What are the prime factors of -8 - (9/36 + (-22601)/4)?
2, 7, 13, 31
Let m = -190 - -201. Suppose 12*a = 5161 + m. What are the prime factors of a?
431
Suppose -4*t + 5 - 65 = -4*f, -3*f - 5*t = -45. Let i(r) = r**3 - 15*r**2 + r - 8. Let k be i(f). Let l = 59 - k. List the prime factors of l.
2, 13
Let v = -8447 - -47076. What are the prime factors of v?
38629
Suppose -4*c - 24718 = -7*c - t, -4